{"id":41,"date":"2022-02-03T17:02:31","date_gmt":"2022-02-03T17:02:31","guid":{"rendered":"https:\/\/cribassanodelgrappa.it\/?page_id=41"},"modified":"2025-06-16T10:43:29","modified_gmt":"2025-06-16T10:43:29","slug":"cri-bassano","status":"publish","type":"page","link":"https:\/\/cribassanodelgrappa.it\/index.php\/cri-bassano\/","title":{"rendered":"Cri Bassano"},"content":{"rendered":"\t\t<div data-elementor-type=\"wp-page\" data-elementor-id=\"41\" class=\"elementor elementor-41\">\n\t\t\t\t\t\t\t\t\t<section class=\"elementor-section elementor-top-section elementor-element elementor-element-35fc755c elementor-section-boxed elementor-section-height-default elementor-section-height-default\" data-id=\"35fc755c\" data-element_type=\"section\">\n\t\t\t\t\t\t<div class=\"elementor-container elementor-column-gap-default\">\n\t\t\t\t\t<div class=\"elementor-column elementor-col-100 elementor-top-column elementor-element elementor-element-70fedd22\" data-id=\"70fedd22\" data-element_type=\"column\">\n\t\t\t<div class=\"elementor-widget-wrap elementor-element-populated\">\n\t\t\t\t\t\t\t\t<div class=\"elementor-element elementor-element-25e4a93 elementor-widget elementor-widget-text-editor\" data-id=\"25e4a93\" data-element_type=\"widget\" data-widget_type=\"text-editor.default\">\n\t\t\t\t<div class=\"elementor-widget-container\">\n\t\t\t<style>\/*! elementor - v3.13.3 - 28-05-2023 *\/\n.elementor-widget-text-editor.elementor-drop-cap-view-stacked .elementor-drop-cap{background-color:#69727d;color:#fff}.elementor-widget-text-editor.elementor-drop-cap-view-framed .elementor-drop-cap{color:#69727d;border:3px solid;background-color:transparent}.elementor-widget-text-editor:not(.elementor-drop-cap-view-default) .elementor-drop-cap{margin-top:8px}.elementor-widget-text-editor:not(.elementor-drop-cap-view-default) .elementor-drop-cap-letter{width:1em;height:1em}.elementor-widget-text-editor .elementor-drop-cap{float:left;text-align:center;line-height:1;font-size:50px}.elementor-widget-text-editor .elementor-drop-cap-letter{display:inline-block}<\/style>\t\t\t\t<h1>Breve introduzione<\/h1>\n<p><!-- \/wp:heading --><!-- wp:media-text {\"mediaId\":394,\"mediaLink\":\"https:\/\/cribassanodelgrappa.it\/index.php\/cri-bassano\/dsc_0220-1\/\",\"mediaType\":\"image\"} --><\/p>\n<div>\n<figure><img decoding=\"async\" src=\"https:\/\/cribassanodelgrappa.it\/wp-content\/uploads\/2022\/03\/DSC_0220-1-1024x683.jpg\" alt=\"\" \/><\/figure>\n<div>\n<p><!-- wp:paragraph --><\/p>\n<p>L\u2019Associazione della Croce Rossa Italiana, organizzazione di volontariato, ha per scopo l\u2019assistenza sanitaria e sociale sia in tempo di pace che in tempo di conflitto. Associazione di alto rilievo, \u00e8 posta sotto l\u2019alto patronato del Presidente della Repubblica. La\u00a0CRI\u00a0fa parte del Movimento Internazionale della Croce Rossa. Nelle sue azioni a livello internazionale si coordina con il Comitato Internazionale della Croce Rossa, nei Paesi in conflitto, e con la Federazione Internazionale di Croce Rossa e Mezzaluna Rossa per gli altri interventi.<\/p>\n<p><!-- \/wp:paragraph --><!-- wp:paragraph --><\/p>\n<p><strong>I sette Principi Fondamentali\u00a0<\/strong><br \/>Garanzia e guida delle azioni sono i sette Principi Fondamentali del Movimento Internazionale di Croce Rossa, che ne costituiscono lo spirito e l\u2019etica: Umanit\u00e0, Imparzialit\u00e0, Neutralit\u00e0, Indipendenza, Volontariato, Unit\u00e0 e Universalit\u00e0. Adottati nella 20a Conferenza Internazionale della Croce Rossa, svoltasi a Vienna nell\u2019ottobre del 1965, i Principi Fondamentali sono garanti dell\u2019azione del Movimento, ma anche della\u00a0CRI\u00a0e di ogni suo singolo volontario.<\/p>\n<p><!-- \/wp:paragraph --><\/p>\n<\/div>\n<\/div>\n<p><!-- \/wp:media-text --><!-- wp:heading {\"textAlign\":\"center\",\"level\":1,\"align\":\"wide\"} --><\/p>\n<h1>Consiglio direttivo<\/h1>\n<p><!-- \/wp:heading --><!-- wp:media-text {\"mediaId\":350,\"mediaLink\":\"https:\/\/cribassanodelgrappa.it\/index.php\/cri-bassano\/inabz-22\/\",\"mediaType\":\"image\",\"mediaWidth\":18} --><\/p>\n<div style=\"grid-template-columns: 18% auto;\">\n<figure><img loading=\"lazy\" decoding=\"async\" src=\"https:\/\/cribassanodelgrappa.it\/wp-content\/uploads\/2022\/03\/screenshot-300x225.png\" alt=\"\" width=\"300\" height=\"225\" \/><\/figure>\n<div>\n<p><!-- wp:paragraph {\"placeholder\":\"Contenuto\u2026\",\"fontSize\":\"medium\"} --><\/p>\n<p><strong>Presidente<br \/><\/strong><i>Francesco Zen<\/i><br \/><a rel=\"noreferrer noopener\" href=\"mailto:elena.alberton@veneto.cri.it\" target=\"_blank\"><em><\/em><\/a><em><a href=\"mailto:bassanodelgrappa@cri.it\">bassanodelgrappa@cri.it<\/a><br \/><\/em><\/p>\n<p><!-- \/wp:paragraph --><\/p>\n<\/div>\n<\/div>\n<p><!-- \/wp:media-text --><!-- wp:heading {\"level\":1} --><\/p>\n<h1>Delegati D&#8217;area<\/h1>\n<p><!-- \/wp:heading --><!-- wp:media-text {\"mediaId\":22,\"mediaLink\":\"https:\/\/cribassanodelgrappa.it\/screenshot\/\",\"mediaType\":\"image\",\"mediaWidth\":15} --><\/p>\n<div style=\"grid-template-columns: 15% auto;\">\n<figure><\/figure>\n<div>\n<p><!-- wp:paragraph --><\/p>\n<p><img loading=\"lazy\" decoding=\"async\" src=\"https:\/\/cribassanodelgrappa.it\/wp-content\/uploads\/2022\/03\/screenshot-300x225.png\" alt=\"\" width=\"300\" height=\"225\" \/><\/p>\n<p><strong>Obiettivo Salute<br \/><\/strong><em>Riccardo De Martino<\/em><br \/><a rel=\"noreferrer noopener\" href=\"mailto:bassanodelgrappa.salute@veneto.cri.it\" target=\"_blank\"><em>bassanodelgrappa.salute@veneto.cri.it<\/em><\/a><\/p>\n<\/div>\n<\/div>\n<div style=\"grid-template-columns: 15% auto;\">\n<div>\n<p><!-- wp:paragraph --><\/p>\n<p><img loading=\"lazy\" decoding=\"async\" src=\"https:\/\/cribassanodelgrappa.it\/wp-content\/uploads\/2022\/03\/screenshot-300x225.png\" alt=\"\" width=\"300\" height=\"225\" \/><\/p>\n<p><strong>Obiettivo Sociale<br \/><\/strong><em>Kelli Pradella<\/em><\/p>\n<p><i>Tiziana Lazzarotto (Vicario)<br \/><\/i><a rel=\"noreferrer noopener\" href=\"mailto:bassanodelgrappa.sociale@veneto.cri.it\" target=\"_blank\"><em>bassanodelgrappa.sociale@veneto.cri.<\/em><\/a><a rel=\"noreferrer noopener\" href=\"mailto:bassanodelgrappa.salute@veneto.cri.it\" target=\"_blank\"><em>it<\/em><\/a><\/p>\n<p><!-- \/wp:paragraph --><\/p>\n<\/div>\n<\/div>\n<p><!-- \/wp:media-text --><!-- wp:media-text {\"mediaId\":22,\"mediaLink\":\"https:\/\/cribassanodelgrappa.it\/screenshot\/\",\"mediaType\":\"image\",\"mediaWidth\":15} --><\/p>\n<figure><\/figure>\n<div style=\"grid-template-columns: 15% auto;\">\n<div>\n<p><img loading=\"lazy\" decoding=\"async\" src=\"https:\/\/cribassanodelgrappa.it\/wp-content\/uploads\/2022\/03\/screenshot-300x225.png\" alt=\"\" width=\"300\" height=\"225\" \/><\/p>\n<p><strong>Obiettivo Emergenza<br \/><\/strong><i>Alberto Gatto<\/i><\/p>\n<p><em>Giacomo Silvestrini (Vicario)<\/em><\/p>\n<p><em><\/em><a href=\"mailto:emergenze@cribassanodelgrappa.it\" target=\"_blank\" rel=\"noopener\">emergenze@cribassanodelgrappa.it<\/a><\/p>\n<\/div>\n<\/div>\n<p><!-- \/wp:media-text --><!-- wp:media-text {\"mediaId\":22,\"mediaLink\":\"https:\/\/cribassanodelgrappa.it\/screenshot\/\",\"mediaType\":\"image\",\"mediaWidth\":15} --><\/p>\n<figure><\/figure>\n<p><img loading=\"lazy\" decoding=\"async\" src=\"https:\/\/cribassanodelgrappa.it\/wp-content\/uploads\/2022\/03\/screenshot-300x225.png\" alt=\"\" width=\"300\" height=\"225\" \/><\/p>\n<div style=\"grid-template-columns: 15% auto;\">\n<div>\n<p><strong>Obiettivo Principi e Valori Umanitari<br \/><\/strong><em>Francesco Zen<br \/><\/em><em><a href=\"mailto:bassanodelgrappa@cri.it\">bassanodelgrappa@cri.it<\/a><\/em><\/p>\n<\/div>\n<\/div>\n<p><!-- \/wp:media-text --><!-- wp:media-text {\"mediaId\":22,\"mediaLink\":\"https:\/\/cribassanodelgrappa.it\/screenshot\/\",\"mediaType\":\"image\",\"mediaWidth\":15} --><\/p>\n<figure><\/figure>\n<p><img loading=\"lazy\" decoding=\"async\" src=\"https:\/\/cribassanodelgrappa.it\/wp-content\/uploads\/2022\/03\/screenshot-300x225.png\" alt=\"\" width=\"300\" height=\"225\" \/><\/p>\n<div style=\"grid-template-columns: 15% auto;\">\n<div>\n<p><strong>Obiettivo Giovani<br \/><\/strong><em>Cristian Bradescu<\/em><br \/><em><em><a rel=\"noreferrer noopener\" href=\"mailto:giovani@cribassanodelgrappa.it\" target=\"_blank\"><em>giovani@cribassanodelgrappa.it<\/em><\/a><\/em><\/em><\/p>\n<\/div>\n<\/div>\n<p><!-- \/wp:media-text --><!-- wp:media-text {\"mediaId\":22,\"mediaLink\":\"https:\/\/cribassanodelgrappa.it\/screenshot\/\",\"mediaType\":\"image\",\"mediaWidth\":15} --><\/p>\n<figure><\/figure>\n<p><img loading=\"lazy\" decoding=\"async\" src=\"https:\/\/cribassanodelgrappa.it\/wp-content\/uploads\/2022\/03\/screenshot-300x225.png\" alt=\"\" width=\"300\" height=\"225\" \/><\/p>\n<div style=\"grid-template-columns: 15% auto;\">\n<div>\n<p><strong>Obiettivo Sviluppo Organizzativo<br \/><\/strong><em>Alessandro Mercadante<br \/><\/em><a rel=\"noreferrer noopener\" href=\"mailto:bassanodelgrappa.sviluppo@veneto.cri.it\" target=\"_blank\"><em>bassanodelgrappa.sviluppo@veneto.cri.it<\/em><\/a><\/p>\n<\/div>\n<\/div>\n<p><\/p>\n<p><img loading=\"lazy\" decoding=\"async\" src=\"https:\/\/cribassanodelgrappa.it\/wp-content\/uploads\/2022\/03\/screenshot-300x225.png\" alt=\"\" width=\"300\" height=\"225\" \/><\/p>\n<div style=\"grid-template-columns: 15% auto;\">\n<div>\n<p><strong>Obiettivo Volontari<br \/><\/strong><em>Laura Trevisan<br \/><\/em><a rel=\"noreferrer noopener\" href=\"mailto:volontari@cribassanodelgrappa.it\" target=\"_blank\"><em>volontari@cribassanodelgrappa.it<\/em><\/a><\/p>\n<\/div>\n<\/div>\n<p><img loading=\"lazy\" decoding=\"async\" src=\"https:\/\/cribassanodelgrappa.it\/wp-content\/uploads\/2022\/03\/screenshot-300x225.png\" alt=\"\" width=\"300\" height=\"225\" \/><\/p>\n<div style=\"grid-template-columns: 15% auto;\">\n<div>\n<p><strong>Obiettivo Formazione<br \/><\/strong><em>Elisabetta Cannata<br \/><\/em><a rel=\"noreferrer noopener\" href=\"mailto:formazione@cribassanodelgrappa.it\" target=\"_blank\"><em>formazione@cribassanodelgrappa.it<\/em><\/a><\/p>\n<\/div>\n<\/div>\n<p><!-- \/wp:media-text --><\/p>\t\t\t\t\t\t<\/div>\n\t\t\t\t<\/div>\n\t\t\t\t\t<\/div>\n\t\t<\/div>\n\t\t\t\t\t\t\t<\/div>\n\t\t<\/section>\n\t\t\t\t\t\t\t<\/div>\n\t\t","protected":false},"excerpt":{"rendered":"<p>Breve introduzione L\u2019Associazione della Croce Rossa Italiana, organizzazione di volontariato, ha per scopo l\u2019assistenza sanitaria e sociale sia in tempo di pace che in tempo di conflitto. Associazione di alto rilievo, \u00e8 posta sotto l\u2019alto patronato del Presidente della Repubblica. La\u00a0CRI\u00a0fa parte del Movimento Internazionale della Croce Rossa. Nelle sue [&hellip;]<\/p>\n","protected":false},"author":1,"featured_media":231,"parent":0,"menu_order":0,"comment_status":"closed","ping_status":"closed","template":"","meta":{"footnotes":""},"class_list":["post-41","page","type-page","status-publish","has-post-thumbnail","hentry"],"_links":{"self":[{"href":"https:\/\/cribassanodelgrappa.it\/index.php\/wp-json\/wp\/v2\/pages\/41","targetHints":{"allow":["GET"]}}],"collection":[{"href":"https:\/\/cribassanodelgrappa.it\/index.php\/wp-json\/wp\/v2\/pages"}],"about":[{"href":"https:\/\/cribassanodelgrappa.it\/index.php\/wp-json\/wp\/v2\/types\/page"}],"author":[{"embeddable":true,"href":"https:\/\/cribassanodelgrappa.it\/index.php\/wp-json\/wp\/v2\/users\/1"}],"replies":[{"embeddable":true,"href":"https:\/\/cribassanodelgrappa.it\/index.php\/wp-json\/wp\/v2\/comments?post=41"}],"version-history":[{"count":25,"href":"https:\/\/cribassanodelgrappa.it\/index.php\/wp-json\/wp\/v2\/pages\/41\/revisions"}],"predecessor-version":[{"id":1841,"href":"https:\/\/cribassanodelgrappa.it\/index.php\/wp-json\/wp\/v2\/pages\/41\/revisions\/1841"}],"wp:featuredmedia":[{"embeddable":true,"href":"https:\/\/cribassanodelgrappa.it\/index.php\/wp-json\/wp\/v2\/media\/231"}],"wp:attachment":[{"href":"https:\/\/cribassanodelgrappa.it\/index.php\/wp-json\/wp\/v2\/media?parent=41"}],"curies":[{"name":"wp","href":"https:\/\/api.w.org\/{rel}","templated":true}]}}